 w(d) = b*r(d) + 8*c(d). What is the tens digit of w(-5)?
1
Suppose 16 = r - 0*r. Let y = 18 - r. Suppose 4*z + y*z = 78. What is the units digit of z?
3
Suppose 3502*d - 3513*d = -33649. What is the units digit of d?
9
Suppose 81 + 75 = 2*b - 4*p, -p = -4*b + 319. What is the units digit of b?
0
Suppose 3*q = 2*h + 3476, -5*h + 7963 = 4*q + 3290. What is the tens digit of q?
6
Suppose -o + 436 = -264*i + 268*i, -4*o = 5*i - 1788. What is the tens digit of o?
5
Suppose 9*p + 1245 = -6. Let n = 272 + p. What is the tens digit of n?
3
Suppose 0 = 2*c - 2*p - 366, -191 = -31*c + 30*c - p. What is the units digit of c?
7
Suppose 0 = 3*x - 876 - 3012. Suppose -10*t + 4*t = -x. What is the hundreds digit of t?
2
Let a(z) = -3*z + 5*z - 3*z + 0*z - 1. Let i(m) = -72*m - 84. Let g(n) = 252*a(n) - 3*i(n). What is the tens digit of g(-1)?
3
Let x(g) = 3*g**2 + 2*g - 365. What is the units digit of x(-25)?
0
Suppose 3*r + 76 + 89 = 0. Let p = r + 114. What is the tens digit of p?
5
Let g be (-5)/(1/2*-2). Let a(w) = -w - 1. Let b be a(-4). Suppose 0 + 3 = b*k - 5*t, -g*k + 24 = -2*t. What is the units digit of k?
6
Let c(o) = -o**2 + 14*o - 12. Let x be c(12). Suppose -x*y + 13*y - 27 = 0. What is the units digit of y?
7
Suppose -4*n - 2*p - 64 = 0, -2 = -2*n + 3*n - 3*p. Let c(h) = -14*h**2 - 5 + 114*h - h**3 - 1 - 117*h. What is the units digit of c(n)?
6
Suppose -899 - 4678 = -39*v. What is the hundreds digit of v?
1
Let d be ((-24)/16)/(1/4). What is the tens digit of (-2)/d*(53 + -2)?
1
Let i = 16 + -100. Let w = 51 + i. Let j = -23 - w. What is the tens digit of j?
1
Let v(k) be the third derivative of 1/120*k**6 + k**2 + 0*k + 0 + 4/3*k**3 - 5/24*k**4 + 1/12*k**5. What is the units digit of v(-6)?
2
Suppose 2*g = 4*g + 4. Let z = 0 - g. What is the tens digit of z/(-4) + (-69)/(-2)?
3
Suppose 4*i + 0*s = 2*s + 176, 217 = 5*i - 4*s. Let t = i + -4. What is the units digit of t?
1
Suppose 2*q - 4*y - 192 = -0*y, 0 = -5*q + 2*y + 464. Suppose 0 = -3*i + 2*i + q. What is the units digit of i?
2
Let a(w) = -28*w + 98. What is the hundreds digit of a(-3)?
1
What is the hundreds digit of 1 + 14/(-10) - 100385/(-25)?
0
Let a(k) = 50*k + 14. Let z(x) = 17*x + 5. Let n(h) = -3*a(h) + 8*z(h). Suppose -2 = 217*j - 215*j. What is the tens digit of n(j)?
1
Let x(l) = -l**3 + 10*l**2 + 10*l + 13. Let d be x(11). Suppose 4*y + 2*i = 5*i + 496, d*y - 262 = -2*i. What is the units digit of y?
7
Let t(r) = -3*r - 14. Let s(n) = -n - 1. Let y(v) = 3*s(v) + t(v). What is the units digit of y(-8)?
1
Suppose 1070 = 5*j - 7*f + 2*f, -5*j + 1050 = 5*f. What is the tens digit of j?
1
Let y(b) = -3*b**3 - 17*b**2 - 16*b - 9. What is the tens digit of y(-8)?
6
Let m = -71 + 147. Let a = m + -31. What is the units digit of a?
5
Suppose -5*z + z - 4*q = 252, 3*z + q + 193 = 0. Let a be 12/(-16) + z/4. Let p = -5 - a. What is the tens digit of p?
1
Let c be (2/6 + 1)*3. Suppose -2*g + 132 = 2*d + d, c*d - g = 176. What is the tens digit of d?
4
Suppose -24*a = 27*a - 129897. What is the tens digit of a?
4
Suppose 6*c = 9*c + 4*x - 1022, 3*c - 3*x - 1050 = 0. What is the tens digit of c?
4
Let b = 145 + -91. Suppose b = -l + 123. What is the units digit of l?
9
Suppose -v + 2*v + 17 = 4*x, -2*x + 4 = 4*v. Suppose x*f + 74 = 6*f. What is the units digit of f?
7
Let g(l) = 9*l**2 + 7*l + 29. What is the units digit of g(-4)?
5
Suppose -15*z + 16*z = 95. What is the tens digit of z?
9
Let m(x) = -7*x**3 - 2*x**2 + 1. Let k be m(-1). Suppose -k = -n - 1. Suppose -n*t = -95 + 10. What is the units digit of t?
7
Suppose 4*h + 5*n - 18487 = 1671, 3*h - 3*n = 15105. What is the tens digit of h?
3
Suppose a - 5*h = -5, 3*a + 5*h - 50 = a. Suppose 0 = -5*n - 66 + 16. Let t = n + a. What is the units digit of t?
5
Let h(m) = -21*m**2 + 1 - 2 + 37*m**2. What is the tens digit of h(-2)?
6
Suppose -491*a + 4*q + 8770 = -488*a, -5875 = -2*a - 3*q. What is the thousands digit of a?
2
Suppose 443 = 4*d + 107. Suppose x + 3 = 0, 3*x = 3*o - x - 30. Suppose 0 = -3*w - o + d. What is the tens digit of w?
2
Suppose 2515 = 12*r - 7037. What is the units digit of r?
6
Let k = -414 + 918. What is the units digit of k?
4
Let g(i) = 286*i**2 - 11*i + 5. What is the hundreds digit of g(2)?
1
Let f(k) = 4*k - 25. What is the units digit of f(14)?
1
Suppose -2*l - 4*w + 1184 = -10536, -4*w - 35208 = -6*l. What is the units digit of l?
6
Let k(x) be the third derivative of 1/120*x**6 + 1/24*x**4 + 0*x**5 + 0 - 2/3*x**3 + 0*x - 4*x**2. What is the tens digit of k(3)?
2
Let k be (-6)/27 + (-114)/(-27). Suppose k*m = m - c + 4, -m - 5*c - 8 = 0. Suppose z + 3*z - m*l = 80, 19 = z - l. What is the tens digit of z?
2
Suppose -2*o - 5*a = -a + 56, -5*o - 3*a - 112 = 0. What is the tens digit of (-598)/(-5) - (3 - (-68)/o)?
2
Suppose 819 = -5*b - 3*q + 9731, -4*b - 3*q + 7132 = 0. What is the thousands digit of b?
1
Suppose -a - 22 = -3*v, 4*v = 7*v - 2*a - 26. Suppose -5*c - 5*g + 145 = 0, v*g - 3*g = 2*c - 43. What is the units digit of c?
6
Let c = -7 - -9. Suppose x - c*x = -5. Suppose -15 = -x*a + 35. What is the units digit of a?
0
Suppose 0 = -77*h - 29844 + 341155. What is the units digit of h?
3
Let p(u) = -u**2 - 17*u + 18. Let k be p(-18). Suppose b + 4*h - h - 40 = 0, -5*b + 5*h + 300 = k. What is the units digit of b?
5
What is the hundreds digit of 2/19 - 1458/(-684)*478?
0
Let f(w) = w**3 - 11*w**2 + 14*w. Let k be f(6). Let n = k + 126. What is the units digit of n?
0
Let u = 40 - 35. What is the units digit of (-2)/u - 4966/(-65)?
6
Suppose 2*s = 2*g + g + 1456, -5*s - 2460 = 5*g. What is the units digit of ((-4)/16)/(2/g)?
1
Let a(g) = 54*g**2 - 1 + 2*g**2 + 4*g - 2*g + 3. What is the tens digit of a(-1)?
5
Suppose 55 = 6*k + 7. What is the hundreds digit of (753/4 - 2/k) + -2?
1
Suppose 0*c = c + 5*x - 40, 4*x + 4 = 0. Suppose w - c = -6. What is the tens digit of w?
3
What is the units digit of 112/(-2*5/(-50)) + -5?
5
Let r(a) = 2*a**3 - a**3 - 7 - a - a**2 + a. Let u be r(0). Let q = u - -25. What is the units digit of q?
8
Let y(k) = k**3 - 9*k**2 - 2*k + 12. Let g be y(9). What is the tens digit of (-4 - -1)*130/g?
6
Suppose 5*m - 340 = m. Let x = m + -22. What is the tens digit of x?
6
Let k = 25 - 18. Suppose 15 = k*u - 12*u. What is the units digit of (-152)/(-5) - u/5?
1
Suppose 0*n = 5*n + 4*r + 292, 0 = -4*n + 5*r - 209. Let p be n/40 - 2/(-5). Let o = p + 17. What is the tens digit of o?
1
Let c(x) = x**2 + 3*x - 13. Let v = -61 + 49. What is the tens digit of c(v)?
9
Suppose 5*x - 4*m = -2*m + 5, -m = -2*x + 3. What is the hundreds digit of (-5 - (x - 3)) + 1*147?
1
Let x(o) = -o**2 + 11*o - 7. Let q(a) = a**3 - 7*a**2 + 10*a - 14. Let l be q(6). Let h be x(l). Suppose -10 = -h*j + 80. What is the tens digit of j?
3
Let q be 3/5 - (-3)/(-5). Suppose -387 = -9*o - q*o. What is the units digit of o?
3
What is the hundreds digit of 4650 - ((-24)/(64/(-8)) - 6)?
6
Suppose -3*k + 274 = -k. Suppose 4*v = k + 103. Suppose v = 4*c + 12. What is the units digit of c?
2
Let k = -1202 + 1494. What is the tens digit of k?
9
Let h(a) = a**3 - 3*a**2 - 4*a + 6. Let f = -1 + 6. What is the units digit of h(f)?
6
Suppose -y = 0, -75 = 5*h - 5*y - 1015. Suppose 5*a - v - h = 3*v, 0 = 4*a - v - 146. What is the tens digit of a?
3
Suppose -742*s + 15786 = -733*s. What is the hundreds digit of s?
7
Let a(f) = -f**3 - 4*f**2 + 4*f + 6. Suppose -8*v + 6*v = 0. Suppose 2*m + 26 = -4*n, -4*m = -v*m + 12. What is the units digit of a(n)?
1
Suppose r - 4*r = -12. Suppose 0 = -r*b - 2*s + 264, 2*s = -2*b + 7*s + 120. What is the units digit of b?
5
Let q = 41 - 67. Let c = q + 36. What is the tens digit of c?
1
Suppose -3*j = -2*p, -2*p + 0*j + j = -4. Suppose 4*a + 5*i = 142, -a = -5*a - p*i + 146. What is the tens digit of a?
3
Let z be ((-30)/(-24))/((-2)/(-40)) + -3. What is the units digit of z/(-55) + (-1 - 477/(-5))?
4
Suppose 3*x + 823 = 4*s - 2*x, 0 = 2*s - x - 407. Suppose -5*c + s + 133 = 0. What is the units digit of c?
7
Let z = 1659 - 1132. What is the tens digit of z?
2
Let z = 239 - 142. Suppose 2*w - 173 = z. What is the tens digit of w?
3
Suppose 5*a - 12 = 2*a, -5*d - 3*a + 42 = 0. Let i = 10 - d. What is the tens digit of (-564)/(-15) + i/10?
3
Let y be 2 - (-3 + 2)*17. Suppose -266 = 